4*t = 23, -3*t - 5 = -2*t. Suppose 18 = -5*y + i. What are the prime factors of 0 - (-11 + y) - -2?
2
Let s = -2585 + 4903. What are the prime factors of s?
2, 19, 61
Suppose -15 = -5*i + 3*l, -i + 5*l = 3*i + 1. Let r be 14/(-3)*(-9)/i. Suppose -r + 49 = 2*w. What are the prime factors of w?
3, 7
Suppose -x + p + 518 = 0, 2*x - 445 = -5*p + 591. What are the prime factors of x?
2, 7, 37
Suppose -2*v - c = -271, 8*v - 695 = 3*v + c. List the prime factors of v.
2, 3, 23
Suppose -20*m = -17*m - 2*g - 5301, 2*m + g - 3534 = 0. What are the prime factors of m?
3, 19, 31
Suppose -8*t + 4489 = -3231. List the prime factors of t.
5, 193
Suppose 0 = -4*m - 4 + 20. Suppose 2*c + 0*o = o + 100, -m*c + 196 = -o. List the prime factors of (2 - 12/8)*c.
2, 3
Suppose 5*c = 12*c. Suppose -n + 39 - 1 = c. List the prime factors of n.
2, 19
Suppose -x = 4*b - 28, x + 4*x - 30 = 2*b. Let o(g) = -g**3 + 8*g**2 + 2. Let i be o(x). Suppose 1 = i*z - 3. List the prime factors of z.
2
Suppose 53*m - 57*m = 0. Suppose m = -2*q + 239 + 53. List the prime factors of q.
2, 73
Let a(g) = -6*g**2 - 6*g + 4. Let m be a(3). What are the prime factors of 640/11 - m/(-374)?
2, 29
Suppose 2*j - 86 = 20. Suppose 6*p = 5*p + j. Suppose -19*t + 18*t = -p. What are the prime factors of t?
53
Let f be 5 - (4 - 1)/3. Suppose -f*g + 202 = -62. What are the prime factors of g?
2, 3, 11
Suppose 4*i - 2 = 2*i. Suppose y = -5 - i. Let l(z) = z**2 + 3*z + 4. List the prime factors of l(y).
2, 11
Suppose 2 = j + 2*f - 0*f, 3*f = j - 7. Suppose 2*t = -j + 16. Suppose 9 = g + t. What are the prime factors of g?
3
Suppose 2*n = -11*n + 34307. List the prime factors of n.
7, 13, 29
Let r be (-2 + 11)*3/9. Let i = r + -1. Suppose i*d - 71 + 7 = 0. List the prime factors of d.
2
Let q(s) = -13*s**3 - 2*s**2 + 2*s - 3. Let j be q(2). Let f be (10/30)/((-1)/j). Suppose -t - f = -2*k, -k + 4*t + 100 = 4*k. List the prime factors of k.
2
Suppose -4 = 2*c + 4. Let t be c/26 - 1512/(-26). Let v = -24 + t. List the prime factors of v.
2, 17
Let z(k) = -41*k**3 - 5*k**2 - 8*k - 7. List the prime factors of z(-2).
317
Let v(z) = z**3 + 8 + 4*z + 5*z**2 - 2*z + 3*z - 6. Let j be v(-3). Suppose w = y + 24, -j*w - 2*y - 2*y = -75. List the prime factors of w.
19
Suppose -2448 = -2*x + 2016. Let i be ((-2)/(-6))/(6/x). Suppose 4*s - 8*s + i = 0. What are the prime factors of s?
31
Let i(u) be the first derivative of 2*u**3 - 2*u**2 + 14. What are the prime factors of i(4)?
2, 5
Let i = 383 - -2861. What are the prime factors of i?
2, 811
List the prime factors of ((-4)/(-8) - -1 - 2)*-468.
2, 3, 13
Let l be 8/28 + (-80)/(-14). Let t(s) = s**3 - 6*s**2 + 5*s - 11. List the prime factors of t(l).
19
Let x(d) = -3*d**3 + d**2 + d. Let a be x(-1). Suppose -a*w = w - 88. Suppose 3*g - w = 8. List the prime factors of g.
2, 5
Suppose -9882 - 1008 = -11*r. List the prime factors of r.
2, 3, 5, 11
Suppose -8*o + 7786 + 1670 = 0. List the prime factors of o.
2, 3, 197
Let k(j) be the second derivative of -j**5/20 - 3*j**4/4 + j**3 - 3*j**2/2 - j + 72. Suppose -5*p = 28 + 22. List the prime factors of k(p).
37
Let u = -105 - -167. Let p = u - -73. List the prime factors of p.
3, 5
List the prime factors of 4/(-3) - 8134/(-21).
2, 193
Suppose 3*b + 3*t + 53 - 14 = 0, 5*b + 38 = 4*t. Suppose 5*a - 2*a - 3*c = 30, 4*a - 40 = 5*c. List the prime factors of 12/a*b/(-6).
2
Let t = -19 - -23. Let r be (4 - t - 1)*1. What are the prime factors of r/((-1)/22*2)?
11
Let c = 960 - 249. What are the prime factors of c?
3, 79
Let n be 122*-1*(-4)/(-8). Suppose 0*c - 39 = c. Let o = c - n. What are the prime factors of o?
2, 11
Let n(x) = -x**3 + 27*x**2 - 10*x. What are the prime factors of n(9)?
2, 3, 19
Suppose 49 = 3*t - 5. Let f = t + -10. Suppose -3 = -g + f. What are the prime factors of g?
11
Suppose 2*p = -2*p + 1908. What are the prime factors of p?
3, 53
Suppose 0 = -5*p - 7*c + 2*c + 15, 0 = -3*p + 4*c + 2. Suppose -3*i = p*i - 25. Suppose z = 3*b + 9, -i*z - 4*b = -9 + 2. What are the prime factors of z?
3
Let r = -18 + -15. Let x = -46 - r. Let d = x + 19. List the prime factors of d.
2, 3
Suppose -2*p + 4*o + 32 = p, 5*p - o - 59 = 0. Suppose -2*k - 3*n + 0*n + p = 0, -2*k - 12 = -3*n. Suppose 4*y - 93 - 87 = k. What are the prime factors of y?
3, 5
Let h be ((-16)/(-10))/(18/1485). Suppose -6*w = -3*w + h. Let r = -17 - w. What are the prime factors of r?
3
Suppose -4*w + 270 = 2*t, 2*w + 0*w + 3*t - 129 = 0. Let r = 64 + w. What are the prime factors of r?
7, 19
Let c(a) be the second derivative of a**5/15 + a**4/12 + a**3/3 - 3*a**2/2 - 10*a. Let i(k) be the first derivative of c(k). List the prime factors of i(3).
2, 11
Let n be (0/(-3))/1 + 2. Suppose z - n*z - 4 = 0. What are the prime factors of (-5)/(5/z)*4?
2
Suppose -p - 2 = d, -2 = 3*p - 2*d + 4*d. Suppose -2*w + 4*w - 230 = 4*x, -p*x = 8. What are the prime factors of w?
107
Suppose 3*y - 5*x = -72, -7*y = -4*y + 5*x + 42. Let p = -16 - y. Suppose -p*m + 40 = m. List the prime factors of m.
2, 5
What are the prime factors of (2/6)/((-12)/(-9792))?
2, 17
List the prime factors of ((-13)/(-4))/((-8)/4416*-6).
13, 23
Suppose 8*o - 25886 = -6*o. List the prime factors of o.
43
Let z = 89 + -460. What are the prime factors of (-7)/(-70)*-2 + z/(-5)?
2, 37
Suppose 5*j - 1900 = -4*i, 240*j - 237*j + 5*i = 1140. What are the prime factors of j?
2, 5, 19
Let y(s) = 169*s**3 - 7*s**2 + 7*s - 1. List the prime factors of y(1).
2, 3, 7
Let k(p) = -p**2 + p - 1. Let j(y) = y**3 - 8*y**2 - 33*y + 2. Let m(a) = j(a) + 2*k(a). What are the prime factors of m(13)?
2, 13
Let f(q) = q**3 - 4*q**2 - 12*q - 8. Let k be f(6). List the prime factors of -63*5/(30/k).
2, 3, 7
Suppose -5*a + 9*b - 4*b = -12205, 7363 = 3*a + 5*b. What are the prime factors of a?
2, 1223
Let x(a) = 57*a**2 + a + 1. Let y = -13 + 15. Let c be x(y). Suppose 0 = -5*d + v + 222, c = 5*d + 5*v - 3*v. What are the prime factors of d?
3, 5
What are the prime factors of (7 + -3 + 0)*(-2)/(-4)?
2
Suppose -4*w + 410 = -498. Let u = w + -89. List the prime factors of u.
2, 3, 23
Suppose -3*s = -22 - 2. Let f = 4 - s. List the prime factors of (8/(-12))/(f/132).
2, 11
Let i(c) = -c**3 - 6*c**2 - 2*c + 5. What are the prime factors of i(-6)?
17
Let j = -15 + 19. Let s(p) = -p**3 + 5*p**2 - 5*p + 4. Let u be s(j). Suppose 2*o = -3*b + 21, -2*o + 5*b + u*b + 13 = 0. What are the prime factors of o?
3
Let d be (-3)/((-4)/(-6)*36/16). List the prime factors of 242 + -3 + (d - -2).
239
Suppose 2*w = 11*w - 594. Let l = w - 36. What are the prime factors of l?
2, 3, 5
Suppose 17*b - 4672 = 9*b. What are the prime factors of b?
2, 73
Suppose f + 9 = -v, f + f = -4*v - 14. Let c(d) = -d**2 - 13*d + 23. List the prime factors of c(f).
3, 5
Suppose -50 = -5*k - 5*a, -2*k + 3*a - a = -40. Suppose 0 = 5*t - k - 15. Suppose 2*m = 3*m - t. List the prime factors of m.
2, 3
Suppose -8 = 2*h - 6*h. Suppose -h*p + 3*p = 4. Suppose 100 = 4*l - p*f, -l = f - 4 - 13. What are the prime factors of l?
3, 7
Let p be (-9)/45 - (-3 + (-1088)/(-10)). Let f = 32 - p. List the prime factors of f.
2, 3, 23
Let q = 1 - 3. Let n(y) be the first derivative of y**3/3 + 2*y - 24. What are the prime factors of n(q)?
2, 3
Let l be 2*6/4*1. Suppose 3*m - 466 = -m - 2*a, -l = -3*a. What are the prime factors of m?
2, 29
Let a(o) be the first derivative of 3*o**2/2 - 36*o - 3. What are the prime factors of a(16)?
2, 3
Suppose -32 = 3*z - 19*z. Suppose z*m - 2 = a - 3*m, 0 = -3*a + 5*m + 44. What are the prime factors of a?
23
Suppose -2*q + 2*o = -4*q + 38, -o = 3*q - 61. Suppose 3*h - 2*r + 74 = -h, -5*h - 100 = 5*r. Let b = h + q. List the prime factors of b.
2
Suppose 3*r - 3*v = -4*v + 148, 5*r + 3*v = 252. Suppose 0 = 49*b - r*b - 56. Suppose -j = -3*j + b. What are the prime factors of j?
2, 7
Suppose 0*m = -m. Suppose 2*i + 0*i - 116 = m. What are the prime factors of i?
2, 29
Suppose -11 = -4*n - 2*m + 9, 0 = -5*m. Suppose -227 = -n*t + 4*o, 5*t + o - 237 = -0*o. What are the prime factors of t?
47
Let x be (30/(-24))/(1/(-4)). Suppose -n - 4*q + 30 = 0, -4 = -3*q + x. What are the prime factors of n?
2, 3
Let r be 0 + -6 - (4 + -2). Let n be 1/((-5 - -3)/r). Suppose 5*s - 3*c - c - 259 = 0, -s + n*c = -39. List the prime factors of s.
